 is the remainder when 15 is divided by 11?
4
What is the remainder when 1198 is divided by 14?
8
Calculate the remainder when 557 is divided by 112.
109
Calculate the remainder when 245 is divided by 60.
5
Calculate the remainder when 66 is divided by 17.
15
Calculate the remainder when 71 is divided by 26.
19
What is the remainder when 504 is divided by 123?
12
Calculate the remainder when 413 is divided by 37.
6
Calculate the remainder when 92 is divided by 12.
8
Calculate the remainder when 4731 is divided by 16.
11
What is the remainder when 316 is divided by 45?
1
Calculate the remainder when 68 is divided by 21.
5
Calculate the remainder when 1256 is divided by 1250.
6
Calculate the remainder when 381 is divided by 120.
21
What is the remainder when 289 is divided by 28?
9
Calculate the remainder when 1434 is divided by 49.
13
What is the remainder when 539 is divided by 45?
44
Calculate the remainder when 355 is divided by 84.
19
What is the remainder when 166 is divided by 42?
40
What is the remainder when 137 is divided by 48?
41
What is the remainder when 2082 is divided by 693?
3
Calculate the remainder when 3488 is divided by 46.
38
Calculate the remainder when 64 is divided by 38.
26
Calculate the remainder when 34 is divided by 13.
8
What is the remainder when 1613 is divided by 16?
13
What is the remainder when 771 is divided by 28?
15
Calculate the remainder when 923 is divided by 16.
11
What is the remainder when 404 is divided by 152?
100
What is the remainder when 500 is divided by 85?
75
Calculate the remainder when 430 is divided by 18.
16
What is the remainder when 542 is divided by 79?
68
What is the remainder when 1533 is divided by 44?
37
Calculate the remainder when 163 is divided by 79.
5
What is the remainder when 205 is divided by 20?
5
Calculate the remainder when 7312 is divided by 138.
136
What is the remainder when 407 is divided by 60?
47
What is the remainder when 870 is divided by 23?
19
Calculate the remainder when 684 is divided by 3.
0
Calculate the remainder when 35 is divided by 17.
1
Calculate the remainder when 2729 is divided by 13.
12
Calculate the remainder when 307 is divided by 11.
10
What is the remainder when 571 is divided by 115?
111
What is the remainder when 242 is divided by 21?
11
Calculate the remainder when 557 is divided by 13.
11
Calculate the remainder when 222 is divided by 80.
62
What is the remainder when 106 is divided by 12?
10
Calculate the remainder when 775 is divided by 159.
139
What is the remainder when 730 is divided by 674?
56
What is the remainder when 1267 is divided by 10?
7
What is the remainder when 100 is divided by 29?
13
Calculate the remainder when 521 is divided by 29.
28
Calculate the remainder when 166 is divided by 73.
20
Calculate the remainder when 300 is divided by 46.
24
What is the remainder when 351 is divided by 17?
11
Calculate the remainder when 99 is divided by 1.
0
What is the remainder when 449 is divided by 15?
14
What is the remainder when 621 is divided by 300?
21
Calculate the remainder when 2696 is divided by 2688.
8
What is the remainder when 336 is divided by 88?
72
Calculate the remainder when 2008 is divided by 155.
148
What is the remainder when 396 is divided by 77?
11
Calculate the remainder when 1394 is divided by 522.
350
Calculate the remainder when 531 is divided by 36.
27
What is the remainder when 74 is divided by 11?
8
What is the remainder when 1121 is divided by 102?
101
Calculate the remainder when 91 is divided by 16.
11
What is the remainder when 453 is divided by 6?
3
Calculate the remainder when 1738 is divided by 92.
82
Calculate the remainder when 1078 is divided by 60.
58
Calculate the remainder when 2069 is divided by 19.
17
What is the remainder when 1559 is divided by 157?
146
What is the remainder when 401 is divided by 199?
3
What is the remainder when 208 is divided by 77?
54
Calculate the remainder when 3347 is divided by 556.
11
Calculate the remainder when 366 is divided by 65.
41
Calculate the remainder when 48 is divided by 13.
9
What is the remainder when 11880 is divided by 26?
24
What is the remainder when 983 is divided by 41?
40
What is the remainder when 200 is divided by 30?
20
Calculate the remainder when 282 is divided by 136.
10
What is the remainder when 2040 is divided by 541?
417
Calculate the remainder when 100 is divided by 40.
20
Calculate the remainder when 1786 is divided by 180.
166
Calculate the remainder when 734 is divided by 21.
20
Calculate the remainder when 592 is divided by 70.
32
What is the remainder when 3562 is divided by 81?
79
Calculate the remainder when 311 is divided by 118.
75
What is the remainder when 20 is divided by 15?
5
Calculate the remainder when 930 is divided by 158.
140
Calculate the remainder when 58 is divided by 21.
16
What is the remainder when 1350 is divided by 153?
126
What is the remainder when 840 is divided by 34?
24
What is the remainder when 583 is divided by 566?
17
What is the remainder when 267 is divided by 27?
24
Calculate the remainder when 5250 is divided by 51.
48
Calculate the remainder when 10259 is divided by 95.
94
What is the remainder when 3691 is divided by 4?
3
What is the remainder when 4300 is divided by 12?
4
What is the remainder when 3009 is divided by 251?
248
What is the remainder when 118 is divided by 35?
13
What is the remainder when 193 is divided by 46?
9
What is the remainder when 360 is divided by 182?
178
Calculate the remainder when 406 is divided by 51.
49
Calculate the remainder when 391 is divided by 209.
182
What is the remainder when 686 is divided by 69?
65
Calculate the remainder when 619 is divided by 223.
173
Calculate the remainder when 412 is divided by 37.
5
Calculate the remainder when 23833 is divided by 40.
33
Calculate the remainder when 371 is divided by 321.
50
Calculate the remainder when 2443 is divided by 162.
13
Calculate the remainder when 371 is divided by 20.
11
Calculate the remainder when 3454 is divided by 839.
98
What is the remainder when 376 is divided by 55?
46
Calculate the remainder when 980 is divided by 70.
0
Calculate the remainder when 162 is divided by 21.
15
What is the remainder when 1482 is divided by 438?
168
Calculate the remainder when 5279 is divided by 876.
23
Calculate the remainder when 97 is divided by 17.
12
Calculate the remainder when 2651 is divided by 883.
2
What is the remainder when 2126 is divided by 133?
131
What is the remainder when 76 is divided by 57?
19
Calculate the remainder when 95 is divided by 66.
29
What is the remainder when 24332 is divided by 12?
8
Calculate the remainder when 155 is divided by 24.
11
Calculate the remainder when 454 is divided by 147.
13
What is the remainder when 54 is divided by 8?
6
Calculate the remainder when 1175 is divided by 383.
26
What is the remainder when 172 is divided by 26?
16
What is the remainder when 815 is divided by 111?
38
What is the remainder when 201 is divided by 41?
37
What is the remainder when 116 is divided by 62?
54
Calculate the remainder when 739 is divided by 10.
9
What is the remainder when 491 is divided by 19?
16
Calculate the remainder when 1238 is divided by 405.
23
Calculate the remainder when 43 is divided by 14.
1
What is the remainder when 1520 is divided by 110?
90
Calculate the remainder when 142 is divided by 109.
33
What is the remainder when 3468 is divided by 85?
68
What is the remainder when 60 is divided by 30?
0
What is the remainder when 266 is divided by 65?
6
Calculate the remainder when 29 is divided by 6.
5
What is the remainder when 1093 is divided by 528?
37
What is the remainder when 5028 is divided by 54?
6
What is the remainder when 165 is divided by 40?
5
What is the remainder when 1279 is divided by 8?
7
What is the remainder when 4999 is divided by 30?
19
What is the remainder when 211 is divided by 31?
25
Calculate the remainder when 257 is divided by 20.
17
Calculate the remainder when 49154 is divided by 339.
338
What is the remainder when 5667 is divided by 42?
39
What is the remainder when 77 is divided by 20?
17
Calculate the remainder when 366 is divided by 37.
33
What is the remainder when 6010 is divided by 11?
4
Calculate the remainder when 13 is di